15 - 11. Suppose 6*k + j = 2*k. Let c be (-12 + 11)*(k + -6). What is the greatest common divisor of c and 35?
7
Let v = 39 + -38. Let i(k) = 161*k**3 - k + 1. Let d be i(v). Calculate the highest common divisor of d and 23.
23
Let t(h) = h**3 - 40*h**2 + 42*h - 105. Let k be t(39). Suppose 0 = -2*w - 2*w + 432. What is the greatest common divisor of w and k?
12
Let l(a) = 175*a + 1. Let n be l(1). Let s(c) = 2*c**2 - 29*c - 26. Let b be s(16). What is the highest common divisor of n and b?
22
Let i(z) = z**3 - 9*z**2 - 3*z + 102. Let y be i(8). What is the greatest common divisor of 434 and y?
14
Suppose 4*q + o = 47, 3*o - 9 = -0*o. Let v = -196 - -284. What is the greatest common divisor of v and q?
11
Let b = 58 - 23. Let p = 71 - b. Let n(k) = 2*k**2 + 3*k + 4. Let o be n(-4). What is the greatest common divisor of p and o?
12
Suppose -2 + 11 = 3*w. Suppose 0 = w*h, -2*y = 5*h - 2*h - 18. Let l(m) = -27*m - 107. Let a be l(-4). Calculate the highest common factor of a and y.
1
Suppose -3*v + 136 = -29. Suppose q + 15 = v. What is the highest common factor of q and 10?
10
Suppose -3 = 2*n + 25. Let k = -9 - n. Let l(h) = 2*h**2 + 14*h - 1. Let g be l(-9). Calculate the greatest common factor of g and k.
5
Let y be -2*5/10*-300. Let h be (540/48)/((-6)/(-16)). Calculate the highest common divisor of h and y.
30
Let h(i) = i**2 + i + 4. Let s be h(6). Let k = 57 - s. What is the highest common divisor of k and 77?
11
Let s = -33 + 35. Let w be (-2)/(-2) - (-2)/s. Suppose -8*d = -6*d - w. Calculate the highest common factor of 8 and d.
1
Let x = 2162 + -2066. Calculate the greatest common divisor of x and 456.
24
Let z be 272/4760 + (-35593)/(-35). Calculate the highest common divisor of z and 9.
9
Suppose -5*i - 3*q = -19 - 8, 3*i - 4*q - 22 = 0. Let a be (-90)/(-54)*9*i. Calculate the highest common divisor of a and 18.
18
Suppose -4*v + 6*a - a = -123, -3*a = -5*v + 144. Suppose -7*f + 43 + v = 0. What is the greatest common divisor of 15 and f?
5
Suppose 1147 = 4*b + 5*f - 945, 5*b - 2632 = -2*f. Let x = 177 + -129. Calculate the greatest common factor of x and b.
48
Suppose -33*k + 9*k = -960. What is the greatest common factor of k and 16?
8
Suppose 0*m - 5*m = -80. Let p = m + -12. Suppose p*k - 60 = k. Calculate the greatest common factor of 4 and k.
4
Suppose 4*l - 10*z = -15*z + 7, -3*z - 7 = l. Calculate the greatest common factor of 536 and l.
8
Suppose 5 = -2*z - 13. Suppose 4*b - 194 + 30 = 0. Let s = z + b. Calculate the highest common divisor of s and 48.
16
Let z be (-2361)/(-9) + 2/(-6). Suppose 46 = -l + 2*q + 302, -5*q = -l + z. Suppose o - l = -3*o. What is the greatest common divisor of o and 7?
7
Suppose -3*c + 560 = 3*f + 2*c, 0 = -4*f - 2*c + 742. What is the highest common divisor of f and 74?
37
Suppose -21 = -2*l - 1. Suppose 11*d + 256 = 1466. Calculate the greatest common factor of d and l.
10
Let a = 173 + 152. What is the highest common divisor of 26 and a?
13
Suppose q - 6*q - 2*p = -181, 2*q = -3*p + 79. What is the greatest common factor of 35 and q?
35
Suppose -21 + 18 = -3*v, c - 2*v = 361. Calculate the greatest common factor of c and 66.
33
Suppose 9*v - 15*v = -1164. Suppose -v = -9*r + 4*r + h, 5*h - 83 = -2*r. Calculate the greatest common divisor of r and 26.
13
Let f be (-1821)/(-33) - (-4)/(-22). Suppose 19*o + 198 = 28*o. Calculate the highest common factor of f and o.
11
Let t be 240/(-30)*(-22)/4. Calculate the highest common divisor of t and 572.
44
Suppose 2*x + 10 = 4*i - x, 2*x = 2*i - 6. Let z be -10*(-6)/(-4) + i. Let v = z + 74. What is the greatest common divisor of v and 24?
12
Suppose -3*n = -n - 8. Suppose -n*z = -v - 7 - 6, -21 = 2*z + 5*v. What is the greatest common factor of z and 18?
2
Let w(i) = -i**3 - 14*i**2 + 17*i + 31. Let z be w(-15). Let d be (5 + -6)/(z/(-12)). What is the highest common divisor of d and 18?
6
Let a be (-40)/(-24)*(40 - 1). Calculate the greatest common divisor of a and 78.
13
Let t be (4 + (-16)/(-12))/((-2)/(-78)). Calculate the highest common divisor of 13 and t.
13
Let g(j) = 2*j**3 - 9*j**2 + 8*j. Let v be g(5). What is the highest common factor of 65 and v?
65
Let l be ((-24)/9 - -3)/(25/6150). Calculate the highest common divisor of l and 123.
41
Let t = 146 + -135. Suppose 21 = 2*j - j - 4*u, 2*j + 3 = -u. Calculate the highest common factor of j and t.
1
Let t be -94 + ((-3)/(-2))/((-21)/(-28)). Let x = 12 - t. Calculate the highest common factor of 8 and x.
8
Let g be (-264)/(-21) + 1/((-7)/4). Calculate the highest common divisor of g and 9.
3
Suppose 0 = 16*n - 10*n + 1386. Let z = 331 + n. Calculate the greatest common divisor of z and 40.
20
Let l(a) = 55*a**3. Suppose -2*b + 6 + 6 = 0. Suppose 4 = -b*z + 10*z. Let k be l(z). Calculate the greatest common factor of 5 and k.
5
Let s = 3 - 3. Suppose -4*a - 3*d - 22 + 74 = s, -30 = -a - 5*d. Let z be (-4)/((-14)/(12 + -5)). What is the highest common divisor of a and z?
2
Suppose -7 = -h + 8. Let q(p) = 4*p - 22. Let i be q(5). Let w be ((-105)/(-9) + 0)/(i/(-18)). What is the highest common factor of h and w?
15
Let z(g) = g**2 - 2*g - 11. Let x be z(5). Let d be x/22 - (-1672)/121. Let u be (21/(-2))/1*-2. What is the greatest common factor of d and u?
7
Suppose 10 = -6*l + l. Let u = l + 17. Calculate the greatest common divisor of u and 3.
3
Let t be 4 + -2 + 4/(-4). Let j = -10 + t. Let f = 34 + j. Calculate the greatest common divisor of f and 225.
25
Let q be (5/(-3))/((-1)/3). Let i = q + 7. Let m(w) = -w**3 + 4*w**2 + 3*w. Let z be m(-2). Calculate the highest common factor of z and i.
6
Let z = 91 + -87. Let k(r) = 2*r**3 + 2*r - 8. Let u be k(3). Calculate the greatest common factor of z and u.
4
Let a = 124 - 104. Let i be (-256)/a*10/(-4). Calculate the greatest common factor of 112 and i.
16
Let p be (0 + -8 + 3)*144/(-4). What is the highest common factor of p and 450?
90
Suppose -4*s - 128 = 2*y, -11 = -5*s + 9. Let g = 76 + y. Calculate the greatest common divisor of g and 28.
4
Let j(w) = 5*w**2 - w - 2. Let k = 9 + -10. Let f be j(k). Suppose 31 = d - 5*m - 9, 22 = d + f*m. What is the greatest common divisor of d and 6?
6
Let y(a) = 14*a - 3. Let h be y(1). Suppose 2*z - 3 + 19 = 0. Let r = h - z. Calculate the greatest common divisor of 95 and r.
19
Suppose -2*a = -v - 3*a + 4, 3*a - 12 = 0. Suppose -13*y + 9*y + 88 = v. What is the highest common divisor of y and 2?
2
Let l(b) = b**2 - 29*b + 740. Let f be l(49). Calculate the greatest common factor of f and 40.
40
Let z(u) = -u**3 + 9*u**2 - 4*u - 8. Let x be z(8). Calculate the greatest common factor of 24 and x.
24
Suppose -3*m - 17 = -n - 7, 0 = 5*m - 5. Suppose -4*h = 3*t + 21, -3*h - 2*t - 5 - 11 = 0. Let g = n + h. Calculate the greatest common divisor of g and 7.
7
Let j be 144/5 - 5/(-25). Let q = j - 21. Let m be -4 + 7 - 10/(20/(-42)). Calculate the highest common divisor of m and q.
8
Let g(v) be the third derivative of v**4/24 + 55*v**3/6 + 9*v**2. Let b be g(0). Calculate the greatest common divisor of b and 5.
5
Suppose -122*s + 115*s + 42 = 0. Calculate the highest common factor of 94 and s.
2
Let f = -98 - -138. Suppose 0 = 14*a - 15*a + 8. What is the highest common divisor of f and a?
8
Let d(b) = b**2 - 18*b - 2. Let c be d(16). Let f = c + 38. Suppose -x + u + 87 = x, 3 = 3*u. Calculate the greatest common factor of f and x.
4
Suppose t + 3*k = 193, 5*t - 2*k = 1073 - 193. Suppose -r = -m + 38, 2*r + t = 5*m - 0*r. What is the greatest common factor of 51 and m?
17
Let s = 149 - 74. Suppose -2*y + s = 3*x - 355, 2*x = 2*y + 270. What is the greatest common factor of 56 and x?
28
Let l(q) = -q + 1. Let a(v) = 30*v - 65. Let t(d) = a(d) + 25*l(d). Let i be t(18). Calculate the highest common factor of 20 and i.
10
Let q = 128 - 125. What is the greatest common divisor of 87 and q?
3
Let d = 745 + -375. Calculate the greatest common divisor of d and 20.
10
Let k = 9 + -14. Let y = -3 - k. Let w be (2 - 10)*(-7)/y. What is the greatest common factor of 224 and w?
28
Suppose x + 79 = -13. Let m be (-16)/(-8) - (x - -1). Suppose 4*j - m - 307 = 0. Calculate the greatest common factor of 20 and j.
20
Suppose -4*k = -2*l + 18, 3*l - k = -4*k + 9. What is the greatest common factor of l and 7?
1
Suppose 